{"id":12,"date":"2024-11-04T17:02:08","date_gmt":"2024-11-04T17:02:08","guid":{"rendered":"https:\/\/yosoysalud.net\/jalbertogonzalez\/?page_id=12"},"modified":"2024-11-04T13:46:29","modified_gmt":"2024-11-04T19:46:29","slug":"cirujano-general-y-oncologico","status":"publish","type":"page","link":"https:\/\/yosoysalud.net\/jalbertogonzalez\/","title":{"rendered":"Cirujano General y Onc\u00f3logo"},"content":{"rendered":"<p>[vc_row][vc_column]\n\t\t\t<!-- START Slider 1 REVOLUTION SLIDER 6.5.17 --><p class=\"rs-p-wp-fix\"><\/p>\n\t\t\t<rs-module-wrap id=\"rev_slider_1_1_wrapper\" data-source=\"gallery\" style=\"visibility:hidden;background:transparent;padding:0;margin:0px auto;margin-top:0;margin-bottom:0;\">\n\t\t\t\t<rs-module id=\"rev_slider_1_1\" style=\"\" data-version=\"6.5.17\">\n\t\t\t\t\t<rs-slides>\n\t\t\t\t\t\t<rs-slide style=\"position: absolute;\" data-key=\"rs-1\" data-title=\"Slide\" data-in=\"o:0;\" data-out=\"a:false;\">\n\t\t\t\t\t\t\t<img loading=\"lazy\" decoding=\"async\" src=\"\/\/yosoysalud.net\/jalbertogonzalez\/wp-content\/plugins\/revslider\/public\/assets\/assets\/dummy.png\" alt=\"\" title=\"cancer-ovario-cancer-de-mama-cancer-de-utero-leusemia-1\" width=\"1600\" height=\"900\" class=\"rev-slidebg tp-rs-img rs-lazyload\" data-lazyload=\"\/\/yosoysalud.net\/jalbertogonzalez\/wp-content\/uploads\/2024\/11\/cancer-ovario-cancer-de-mama-cancer-de-utero-leusemia-1.png\" data-no-retina>\n<!---->\t\t\t\t\t\t<\/rs-slide>\n\t\t\t\t\t<\/rs-slides>\n\t\t\t\t<\/rs-module>\n\t\t\t\t<script>\n\t\t\t\t\tsetREVStartSize({c: 'rev_slider_1_1',rl:[1240,1024,778,480],el:[900],gw:[1600],gh:[900],type:'standard',justify:'',layout:'fullwidth',mh:\"0\"});if (window.RS_MODULES!==undefined && window.RS_MODULES.modules!==undefined && window.RS_MODULES.modules[\"revslider11\"]!==undefined) {window.RS_MODULES.modules[\"revslider11\"].once = false;window.revapi1 = undefined;if (window.RS_MODULES.checkMinimal!==undefined) window.RS_MODULES.checkMinimal()}\n\t\t\t\t<\/script>\n\t\t\t<\/rs-module-wrap>\n\t\t\t<!-- END REVOLUTION SLIDER -->\n[\/vc_column][\/vc_row][vc_row][vc_column]\n\t\t\t<!-- START Slider 2 REVOLUTION SLIDER 6.5.17 --><p class=\"rs-p-wp-fix\"><\/p>\n\t\t\t<rs-module-wrap id=\"rev_slider_2_2_wrapper\" data-source=\"gallery\" style=\"visibility:hidden;background:transparent;padding:0;margin:0px auto;margin-top:0;margin-bottom:0;\">\n\t\t\t\t<rs-module id=\"rev_slider_2_2\" style=\"\" data-version=\"6.5.17\">\n\t\t\t\t\t<rs-slides>\n\t\t\t\t\t\t<rs-slide style=\"position: absolute;\" data-key=\"rs-2\" data-title=\"Slide\" data-in=\"o:0;\" data-out=\"a:false;\">\n\t\t\t\t\t\t\t<img loading=\"lazy\" decoding=\"async\" src=\"\/\/yosoysalud.net\/jalbertogonzalez\/wp-content\/plugins\/revslider\/public\/assets\/assets\/dummy.png\" alt=\"\" title=\"CONSULTA ONCOLOGICA\" width=\"1600\" height=\"900\" class=\"rev-slidebg tp-rs-img rs-lazyload\" data-lazyload=\"\/\/yosoysalud.net\/jalbertogonzalez\/wp-content\/uploads\/2024\/11\/CONSULTA-ONCOLOGICA.jpg\" data-no-retina>\n<!---->\t\t\t\t\t\t<\/rs-slide>\n\t\t\t\t\t<\/rs-slides>\n\t\t\t\t<\/rs-module>\n\t\t\t\t<script>\n\t\t\t\t\tsetREVStartSize({c: 'rev_slider_2_2',rl:[1240,1024,778,480],el:[900],gw:[1600],gh:[900],type:'standard',justify:'',layout:'fullwidth',mh:\"0\"});if (window.RS_MODULES!==undefined && window.RS_MODULES.modules!==undefined && window.RS_MODULES.modules[\"revslider22\"]!==undefined) {window.RS_MODULES.modules[\"revslider22\"].once = false;window.revapi2 = undefined;if (window.RS_MODULES.checkMinimal!==undefined) window.RS_MODULES.checkMinimal()}\n\t\t\t\t<\/script>\n\t\t\t<\/rs-module-wrap>\n\t\t\t<!-- END REVOLUTION SLIDER -->\n[vc_empty_space][\/vc_column][\/vc_row][vc_row][vc_column]<div id=\"features2\" class=\"features-2\"><div class=\"container\"><div class=\"row padding-bottom20\"><div class=\"col-sm-6 col-md-5 margin-bottom40\"><figure><img decoding=\"async\" src=\"https:\/\/yosoysalud.net\/jalbertogonzalez\/wp-content\/uploads\/2024\/11\/cancer-de-tiroides-cancer-de-garganta-1.png\" alt=\"Image\"><\/figure><\/div><div class=\"col-sm-6 col-md-7 col-lg-6 col-lg-offset-1 margin-bottom20\"><div class=\"col-txt100\"><div class=\"post-heading-left post-heading-top-desc margin-bottom20\"><p >EME RED HOSPITALARIA<\/p><h2 >CIRUJANO <strong>ONC\u00d3LOGO<\/strong><\/h2><\/div><p >SERVICIOS:<\/p><div class=\"list-icon\"><ul><li ><i class=\"fa fa-check-square-o\"><\/i> Cirug\u00eda General<\/li><li ><i class=\"fa fa-check-square-o\"><\/i> Cirug\u00eda oncol\u00f3gica<\/li><li ><i class=\"fa fa-check-square-o\"><\/i> Cirug\u00eda de tumores benignos y malignos.<\/li><li ><i class=\"fa fa-check-square-o\"><\/i> Cirug\u00eda convencional<\/li><li ><i class=\"fa fa-check-square-o\"><\/i> Cirug\u00eda de m\u00ednima invasi\u00f3n: Diagn\u00f3stico, tratamiento y paliaci\u00f3n de pacientes con c\u00e1ncer.<\/li><li ><i class=\"fa fa-check-square-o\"><\/i> Cirug\u00eda para c\u00e1ncer de p\u00e1ncreas.<\/li><li ><i class=\"fa fa-check-square-o\"><\/i> C\u00e1ncer de pulm\u00f3n<\/li><li ><i class=\"fa fa-check-square-o\"><\/i> C\u00e1ncer de ri\u00f1\u00f3n y suprarrenales.<\/li><li ><i class=\"fa fa-check-square-o\"><\/i> Diagn\u00f3stico y tratamiento de tumores benignos ginecol\u00f3gicos.<\/li><\/ul><\/div><\/div><\/div><\/div><\/div><\/div>[\/vc_column][\/vc_row][vc_row css=\u00bb.vc_custom_1730747865881{background-image: url(https:\/\/yosoysalud.net\/jalbertogonzalez\/wp-content\/uploads\/2024\/11\/YSS-fondo.jpg?id=29) !important;background-position: center !important;background-repeat: no-repeat !important;background-size: cover !important;}\u00bb][vc_column]<div class=\"features-3\" id=\"features3\"><div class=\"container\"><div class=\"row\"><div class=\"col-md-6 margin-bottom20\"><div class=\"col-txt120\"><div class=\"post-heading-left text-center-sm\"><h2 >Dr. <strong>Jos\u00e9 Alberto<\/strong> Gonz\u00e1lez Ram\u00edrez<\/h2><p >Cirujano Onc\u00f3logo Certificado\/Cirujano General Certificado<\/p><\/div><p >SERVICIOS<\/p><div class=\"row\"><div class=\"col-sm-6\"><div class=\"affa-col-txt\"><h4 >C\u00e1ncer de cabeza y cuello<\/h4><p >\u2022\tC\u00e1ncer de boca<br>\n\u2022\tC\u00e1ncer de cuero cabelludo<\/p><\/div><\/div><div class=\"col-sm-6\"><div class=\"affa-col-txt\"><h4 >Cirug\u00eda para c\u00e1ncer de tiroides<\/h4><p >\u2022\tTiroidectom\u00eda por m\u00ednima invasi\u00f3n<\/p><\/div><\/div><div class=\"col-sm-6\"><div class=\"affa-col-txt\"><h4 >Cirug\u00eda tor\u00e1cica convencional y m\u00ednima invasi\u00f3n<\/h4><p >\u2022\tC\u00e1ncer de es\u00f3fago, est\u00f3mago, h\u00edgado, colon, recto y ano.<\/p><\/div><\/div><div class=\"col-sm-6\"><div class=\"affa-col-txt\"><h4 >Cirug\u00eda de m\u00ednima invasi\u00f3n p\u00e9lvica<\/h4><p >\u2022\tGinecol\u00f3gica<br>\n\u2022\tHisterectom\u00eda<br>\n\u2022\tLaparosc\u00f3pica<\/p><\/div><\/div><div class=\"col-sm-6\"><div class=\"affa-col-txt\"><h4 >Cirug\u00eda de tumores de huesos<\/h4><p >\u2022\tC\u00e1ncer de hueso<br>\n\u2022\tC\u00e1ncer de tejidos blandos de las extremidades<\/p><\/div><\/div><div class=\"col-sm-6\"><div class=\"affa-col-txt\"><h4 >C\u00e1ncer de Pr\u00f3stata<\/h4><\/div><\/div><div class=\"col-sm-6\"><div class=\"affa-col-txt\"><h4 >C\u00e1ncer de vejiga<\/h4><\/div><\/div><div class=\"col-sm-6\"><div class=\"affa-col-txt\"><h4 >C\u00e1ncer de uterino (cervicouterino)<\/h4><\/div><\/div><div class=\"col-sm-6\"><div class=\"affa-col-txt\"><h4 >C\u00e1ncer de endometrio<\/h4><\/div><\/div><div class=\"col-sm-6\"><div class=\"affa-col-txt\"><h4 >C\u00e1ncer de ovario<\/h4><\/div><\/div><div class=\"col-sm-6\"><div class=\"affa-col-txt\"><h4 >C\u00e1ncer de mama<\/h4><\/div><\/div><div class=\"col-sm-6\"><div class=\"affa-col-txt\"><h4 >C\u00e1ncer de vulva y vagina<\/h4><\/div><\/div><div class=\"col-sm-6\"><div class=\"affa-col-txt\"><h4 >Diagn\u00f3stico y tratamiento de tumores benignos ginecol\u00f3gicos<\/h4><\/div><\/div><\/div><\/div><\/div><div class=\"col-sm-8 col-md-6 col-sm-offset-2 col-md-offset-0\"><figure><img decoding=\"async\" src=\"https:\/\/yosoysalud.net\/jalbertogonzalez\/wp-content\/uploads\/2024\/11\/cancer-de-utero-cancer-de-intestino-delgado-cancer-de-vejiga.png\" alt=\"Image\"><\/figure><\/div><\/div><\/div><\/div>[\/vc_column][\/vc_row][vc_row][vc_column width=\u00bb1\/6&#8243;][\/vc_column][vc_column width=\u00bb2\/3&#8243;][vc_single_image image=\u00bb36&#8243; img_size=\u00bb550&#215;290&#8243; alignment=\u00bbcenter\u00bb][vc_column_text]<!-- subscription --><div class=\"tnp tnp-subscription\">\n<form method=\"post\" action=\"https:\/\/yosoysalud.net\/jalbertogonzalez\/?na=s\" onsubmit=\"return newsletter_check(this)\">\n\n<input type=\"hidden\" name=\"nlang\" value=\"\">\n<input type=\"hidden\" name=\"nr\" value=\"page\">\n<div class=\"tnp-field tnp-field-firstname\"><label>Nombre (*):<\/label><input class=\"tnp-firstname\" type=\"text\" name=\"nn\" required><\/div>\n<div class=\"tnp-field tnp-field-email\"><label>Email (*):<\/label><input class=\"tnp-email\" type=\"email\" name=\"ne\" required><\/div>\n<div class=\"tnp-field tnp-field-profile\"><label>Tel\u00e9fono (*):<\/label><input class=\"tnp-profile tnp-profile-1\" type=\"text\" required name=\"np1\"><\/div><div class=\"tnp-field tnp-field-profile\"><label>Ciudad:<\/label><input class=\"tnp-profile tnp-profile-2\" type=\"text\" name=\"np2\"><\/div><div class=\"tnp-field tnp-field-profile\"><label>Comentario\/Pregunta:<\/label><input class=\"tnp-profile tnp-profile-3\" type=\"text\" name=\"np3\"><\/div><div class=\"tnp-field tnp-field-privacy\"><label><input type=\"checkbox\" name=\"ny\" required class=\"tnp-privacy\">&nbsp;Si contin\u00faas, aceptas la pol\u00edtica de privacidad<\/label><\/div>\n<div class=\"tnp-field tnp-field-button\"><input class=\"tnp-submit\" type=\"submit\" value=\"ENVIAR\" >\n<\/div>\n<\/form>\n<\/div>\n[\/vc_column_text][\/vc_column][vc_column width=\u00bb1\/6&#8243;][\/vc_column][\/vc_row][vc_row][vc_column][vc_single_image image=\u00bb30&#8243; img_size=\u00bbfull\u00bb alignment=\u00bbcenter\u00bb css=\u00bb.vc_custom_1730748001453{margin-bottom: -75px !important;}\u00bb]<div id=\"features\" class=\"features-1 padding-top80\"><div class=\"container\"><div class=\"post-heading-center\"><h2 >Dr. Jos\u00e9 Alberto Gonz\u00e1lez Ram\u00edrez<\/h2><p ><strong>CIRUJANO GENERAL<\/strong><br \/>\nEspecialidad en Oncolog\u00eda Quir\u00fargica<br \/>\n***<br \/>\nC\u00e9dula Profesional: 6999675<br \/>\nC\u00e9dula Especialidad: 10037753<br \/>\n***<br \/>\n<strong>EME RED HOSPITALARIA<\/strong><br \/>\nConsultorio 235<br \/>\nAv. P\u00e9rez Ponce x 56 y 56A<br \/>\nCol. Centro<br \/>\nM\u00e9rida, Yucat\u00e1n,<br \/>\nM\u00e9xico, CP 97000<\/p><\/div><div class=\"row padding-bottom20\"><div class=\"col-sm-4\"><div class=\"affa-feature-img\"><\/div><\/div><\/div><\/div><\/div>[\/vc_column][\/vc_row]<\/p>\n","protected":false},"excerpt":{"rendered":"<p>[vc_row][vc_column][\/vc_column][\/vc_row][vc_row][vc_column][vc_empty_space][\/vc_column][\/vc_row][vc_row][vc_column][\/vc_column][\/vc_row][vc_row css=\u00bb.vc_custom_1730747865881{background-image: url(https:\/\/yosoysalud.net\/jalbertogonzalez\/wp-content\/uploads\/2024\/11\/YSS-fondo.jpg?id=29) !important;background-position: center !important;background-repeat: no-repeat !important;background-size: cover !important;}\u00bb][vc_column][\/vc_column][\/vc_row][vc_row][vc_column width=\u00bb1\/6&#8243;][\/vc_column][vc_column width=\u00bb2\/3&#8243;][vc_single_image image=\u00bb36&#8243; img_size=\u00bb550&#215;290&#8243; alignment=\u00bbcenter\u00bb][vc_column_text][\/vc_column_text][\/vc_column][vc_column width=\u00bb1\/6&#8243;][\/vc_column][\/vc_row][vc_row][vc_column][vc_single_image image=\u00bb30&#8243; img_size=\u00bbfull\u00bb alignment=\u00bbcenter\u00bb css=\u00bb.vc_custom_1730748001453{margin-bottom: -75px !important;}\u00bb][\/vc_column][\/vc_row]<\/p>\n","protected":false},"author":1,"featured_media":0,"parent":0,"menu_order":0,"comment_status":"closed","ping_status":"closed","template":"..\/public\/views\/revslider-page-template.php","meta":{"footnotes":""},"class_list":["post-12","page","type-page","status-publish","hentry"],"aioseo_notices":[],"_links":{"self":[{"href":"https:\/\/yosoysalud.net\/jalbertogonzalez\/wp-json\/wp\/v2\/pages\/12","targetHints":{"allow":["GET"]}}],"collection":[{"href":"https:\/\/yosoysalud.net\/jalbertogonzalez\/wp-json\/wp\/v2\/pages"}],"about":[{"href":"https:\/\/yosoysalud.net\/jalbertogonzalez\/wp-json\/wp\/v2\/types\/page"}],"author":[{"embeddable":true,"href":"https:\/\/yosoysalud.net\/jalbertogonzalez\/wp-json\/wp\/v2\/users\/1"}],"replies":[{"embeddable":true,"href":"https:\/\/yosoysalud.net\/jalbertogonzalez\/wp-json\/wp\/v2\/comments?post=12"}],"version-history":[{"count":13,"href":"https:\/\/yosoysalud.net\/jalbertogonzalez\/wp-json\/wp\/v2\/pages\/12\/revisions"}],"predecessor-version":[{"id":14,"href":"https:\/\/yosoysalud.net\/jalbertogonzalez\/wp-json\/wp\/v2\/pages\/12\/revisions\/14"}],"wp:attachment":[{"href":"https:\/\/yosoysalud.net\/jalbertogonzalez\/wp-json\/wp\/v2\/media?parent=12"}],"curies":[{"name":"wp","href":"https:\/\/api.w.org\/{rel}","templated":true}]}}